b?
39
Let q = -26 - -30. Suppose 2*u - 8 + q = 0. Suppose 0 = -v - 3*g - 1, -u*g + 5 = 3*v - 20. Calculate the remainder when v is divided by 2.
1
Let n be 6 + -1 - (2 + 1). Let o(j) = j**3 + 0 + 17*j**n - 7*j**2 - 3 + j - 1. What is the remainder when o(-9) is divided by 18?
14
Let r = 3350 + -3245. What is the remainder when r is divided by 40?
25
Let i(w) = 74*w**2 + 3*w + 4. Let p be i(-1). Suppose 0 = -6*q + 15 + p. Calculate the remainder when 239 is divided by q.
14
Suppose 2*n + 10 = 0, 5*w + n = -0*n + 180. Let v = 68 - w. Suppose 3*o = -2*s + v, -o - 59 = -4*s - 4*o. Calculate the remainder when 39 is divided by s.
11
Let a(o) = -o**3 - 7*o**2 + 8*o + 4. Suppose -5*d = 48 - 8. Let n be a(d). Suppose 4*x = -j + 90, 3*x + 5 = n*x. What is the remainder when j is divided by 24?
22
Suppose 17*y + 42 = 3*t + 19*y, 5*t - 96 = y. What is the remainder when 2975 is divided by t?
5
Suppose 282*n + 32227 = 319*n. Calculate the remainder when n is divided by 179.
155
Let m = 9912 - 9026. Calculate the remainder when 6205 is divided by m.
3
Suppose -f = -4*f - 4*s + 22, 38 = 4*f + s. Suppose -38 = -3*i + 5*x - f*x, -i = x - 10. Suppose 7*z - 24 = 46. What is the remainder when z is divided by i?
4
Suppose 385 + 395 = -12*n. Let y = -54 - n. What is the remainder when 317 is divided by y?
9
Let v(n) = 2*n**2 - 188*n - 128. Suppose 28 + 104 = 4*d. Calculate the remainder when v(95) is divided by d.
29
Let l be 10*(8/20 - 28/10). Let j be l + 22 + (-5)/(-1). Suppose 4*m - 69 = 3*z, -3*m = -0*m + j*z - 36. Calculate the remainder when 41 is divided by m.
11
Let d = -11997 - -12006. Calculate the remainder when 2393 is divided by d.
8
Suppose 63 = 2*d + 69. Calculate the remainder when 127 is divided by 14 - 11 - (2 + d)*23.
23
Let u(t) = 6*t**2 - 7*t**2 - 12*t - 14*t**2 + t**3 - 23. Suppose -3*q + 46 = 7*c - 48, c - 4*q = 40. Calculate the remainder when u(c) is divided by 15.
11
Suppose 144*z - 213 - 363 = 0. Calculate the remainder when 20 is divided by z.
0
Let l be 12 + 3/((-1)/1). Calculate the remainder when 79 is divided by l/2*(10 - 6).
7
Suppose 2*d = -y + 1146, -56*y = -5*d - 55*y + 2879. Calculate the remainder when d is divided by 52.
3
Let o(z) = -z**3 + 18*z**2 + 501*z - 147. Calculate the remainder when 7946 is divided by o(33).
41
Let i(u) = -u**2 + 3*u + 2. Let h be i(-1). Let o be (-11)/h + (-10)/20. Calculate the remainder when 53 is divided by 53/5 + 2/o.
9
Suppose 0 = 94*i - 18*i - 13680. What is the remainder when i is divided by 17?
10
Suppose 3174 = 4*p - 4*n - 1954, -4*p + 5132 = -2*n. What is the remainder when p is divided by 142?
6
Let m(w) = w**3 - 7*w**2 - 6*w - 3. Let d be m(6). What is the remainder when 1 - (d + -3 + 1) is divided by (-10)/((-342)/(-16) - 22)?
14
Let j = 330 + -134. Let v = 387 - j. What is the remainder when v is divided by 65?
61
Let d be (-8)/(-10)*1330/(15 + -8). Suppose -33*h + 442 = -d. Calculate the remainder when 53 is divided by h.
17
Suppose -63*f = -51*f - 146 - 406. Suppose 52 + 46 = u - 3*i, -4*i - 269 = -3*u. What is the remainder when f is divided by u/5 + 10/25?
12
Let p(d) = -9*d - 119. Suppose -23*i + 18*i + 25 = 0. Calculate the remainder when p(-14) is divided by i.
2
Suppose -3*q - 11 = -3*h + 40, -2*h + 3*q + 41 = 0. Suppose 3*t - 4*o = 11, t + o = 7 + 6. What is the remainder when h is divided by t?
1
Suppose -2*x = -164*n + 161*n - 522, 16 = -4*n. Calculate the remainder when x is divided by 43.
40
Suppose 2*t = -2*t + 2*g + 14, -5*g - 25 = 0. Let y(m) = 2*m + 3. What is the remainder when 3/t + 6 + -6 is divided by y(-1)?
0
What is the remainder when 1069 is divided by (4/(-52))/(5/(-2405))?
33
Let p = 12619 + -10230. What is the remainder when p is divided by 10?
9
Suppose 2*m - 4*o = 30, 3*m - 8*m = -o - 57. Suppose 5*d - c - 138 = 0, -3*d - m*c + 13*c + 80 = 0. Calculate the remainder when 107 is divided by d.
23
Suppose -69*k - 408 = -86*k. What is the remainder when 3310 is divided by k?
22
Let m = 24683 - 23849. What is the remainder when m is divided by 35?
29
Let f(d) = -2*d**3 + 11*d**2 - 15*d + 9. Let s(l) = -l**3 + 5*l**2 - 8*l + 4. Let w(t) = -3*f(t) + 5*s(t). What is the remainder when w(8) is divided by 2?
1
Suppose -113*o - 9906 = -100*o. Let d = o + 1112. Calculate the remainder when d is divided by 11.
9
Suppose 1582*g + 1581*g = 3169*g - 180. Calculate the remainder when 1752 is divided by g.
12
Let v(u) = -u + 1. Let h(g) = 2*g. Let b(x) = h(x) + 3*v(x). Let z = -75 - -69. What is the remainder when 24 is divided by b(z)?
6
Let i be -4 - (506 + (-2 - -8)). Let y = 577 + i. Calculate the remainder when y is divided by 15.
1
Suppose 5 = -g, z - 349 - 225 = -g. Calculate the remainder when z is divided by 47.
15
Let b be (-81)/(3/((-3)/1)). Suppose -93*d + 120 = -b*d. Let z = 13 - -24. What is the remainder when z is divided by d?
7
Let v(g) = -490*g - 3415. Suppose -3*l = -74 - 10. What is the remainder when l is divided by v(-7)?
13
Let a(h) = 11*h**2 - 8*h + 12. Let r be a(-5). Suppose -4*y = -r - 157. Suppose 19*n - 8*n - y = 0. What is the remainder when 51 is divided by n?
7
Let c(q) = -57*q. Let o(m) = -m. Let x(k) = c(k) - 12*o(k). Let g be x(-16). Suppose -360 = -6*w + g. What is the remainder when w is divided by 46?
42
Suppose -208*q + 210*q - 125 = -s, 0 = -q + 8. Suppose 2*g = 2, 6*g - 3*g = -5*j + 8. What is the remainder when s is divided by 38 - (1 - j/1)?
33
Suppose 5*r - 4*u - u - 30 = 0, 0 = 5*r - 3*u - 38. Let m be 30/(-40)*24*1. What is the remainder when (-1 - -33)*(-9)/m is divided by r?
6
Let g(b) = 3*b**2 - 10*b - 110. Suppose 33 = -4*p + s, -5*s = -2*p - 3 - 0. What is the remainder when g(p) is divided by 25?
23
Let w(c) = 10*c**2 - 13*c + 20. Suppose -4*h + 2*a = -258, -2*h + 28 = a - 103. What is the remainder when h is divided by w(2)?
31
Let f(k) = -26*k - 3. Let o(s) = -s**2 + 9*s - 18. Let u be o(5). Let r be f(u). Let j = 72 + r. What is the remainder when j is divided by 4?
1
Suppose 25*q - 28*q - 48*q + 13260 = 0. What is the remainder when q is divided by 29?
28
What is the remainder when 36*(1666/36 + 26/117) is divided by 12?
6
What is the remainder when (-9036)/(-27)*24/32 is divided by 104/6 - -5*(-4)/(-30)?
17
Let j(x) = -7*x + 413. What is the remainder when j(-55) is divided by 115?
108
Let x be (-14 - -21) + 4/(-2). Let v(a) = 3*a - 20. Let k(y) = -y. Let f(t) = -4*k(t) + v(t). Calculate the remainder when 50 is divided by f(x).
5
Let m = -219455 + 219486. Suppose 2*p - 8 = p. What is the remainder when m is divided by p?
7
Suppose 2*r = b + 14, 293 = 5*b + 273. What is the remainder when 2865 is divided by r?
3
Suppose -3*n = 2*x - 2954, 2*x + 608 + 1358 = 2*n. What is the remainder when 997 is divided by n?
13
Suppose 153 = -3*k - 4*f + 1237, 711 = 2*k + 5*f. Calculate the remainder when 373 is divided by k.
5
Suppose -5*z = 3*j - 313, -z + 33 + 296 = 3*j. Suppose 8*h = 5*h + 192. What is the remainder when j is divided by h?
47
Let x(d) = d**3 - 8*d**2 + 4*d + 26. Let c be 44/6 + 32/48. What is the remainder when 230 is divided by x(c)?
56
Suppose 5*m + 60 = 10*m + 2*p, 0 = -5*p + 25. Suppose -4*t = -m*t + 282. Calculate the remainder when t is divided by 52/5 + 4/(-10).
7
Suppose -171*r + 27*r = -12816. Calculate the remainder when r is divided by 85.
4
Let g(h) = -22 - 818*h + 885*h + 77. Calculate the remainder when g(4) is divided by 13.
11
Let k(d) = 13*d**3 + 2*d**2 + 4*d + 1. Let b be k(3). Let a = b - 264. Calculate the remainder when a is divided by 67.
51
Suppose j = 3*t + 5, 5*t - 4*j - 1 = -14. What is the remainder when 59/(t/8*-4) is divided by 24?
22
Suppose 9*h = 12*h + 258. Let g = h - -89. Suppose f = g*f - 10. What is the remainder when 22 is divided by f?
2
Let v = 11 + -2. Calculate the remainder when (-3 - (-9)/((-27)/6))*-3 is divided by (v + 3)*(-6)/(-8).
6
Let v = 642 - 622. Suppose 3*i = 6*i, -2*s + 5*i + 220 = 0. Suppose -8*q = -6*q - s. Calculate the remainder when q is divided by v.
15
What is the remainder when (-27)/6*-2 + 1871 is divided by 44?
32
Let c be -3*(4 + (-20)/4). Suppose 5*b + 1 + 14 = 5*s, -b = -c*s + 11. Calculate the remainder when 19 is divided by s.
3
Calculate the remainder when (-360)/960 - 16763/(-8) is divided by 25.
20
Suppose -5*n + 214 = -246. Suppose 0 